{"id":3320,"date":"2023-03-28T18:03:26","date_gmt":"2023-03-28T18:03:26","guid":{"rendered":"https:\/\/terrizadistribuciones.com\/venta\/?page_id=3320"},"modified":"2023-03-28T19:03:25","modified_gmt":"2023-03-28T19:03:25","slug":"terminos-y-condiciones-de-uso","status":"publish","type":"page","link":"https:\/\/terrizadistribuciones.com\/venta\/terminos-y-condiciones-de-uso\/","title":{"rendered":"T\u00e9rminos y condiciones de uso"},"content":{"rendered":"\t\t<div data-elementor-type=\"wp-page\" data-elementor-id=\"3320\" class=\"elementor elementor-3320\" data-elementor-post-type=\"page\">\n\t\t\t\t\t\t<section class=\"elementor-section elementor-top-section elementor-element elementor-element-9252c88 elementor-section-boxed elementor-section-height-default elementor-section-height-default\" data-id=\"9252c88\" data-element_type=\"section\" data-settings=\"{&quot;background_background&quot;:&quot;classic&quot;}\">\n\t\t\t\t\t\t\t<div class=\"elementor-background-overlay\"><\/div>\n\t\t\t\t\t\t\t<div class=\"elementor-container elementor-column-gap-default\">\n\t\t\t\t\t<div class=\"elementor-column elementor-col-100 elementor-top-column elementor-element elementor-element-40a3654\" data-id=\"40a3654\" data-element_type=\"column\">\n\t\t\t<div class=\"elementor-widget-wrap elementor-element-populated\">\n\t\t\t\t\t\t<div class=\"elementor-element elementor-element-a0b358e elementor-widget elementor-widget-heading\" data-id=\"a0b358e\" data-element_type=\"widget\" data-widget_type=\"heading.default\">\n\t\t\t\t<div class=\"elementor-widget-container\">\n\t\t\t\t\t<h2 class=\"elementor-heading-title elementor-size-default\">T\u00e9rminos y condiciones de uso<\/h2>\t\t\t\t<\/div>\n\t\t\t\t<\/div>\n\t\t\t\t\t<\/div>\n\t\t<\/div>\n\t\t\t\t\t<\/div>\n\t\t<\/section>\n\t\t\t\t<section class=\"elementor-section elementor-top-section elementor-element elementor-element-a68f29d elementor-section-boxed elementor-section-height-default elementor-section-height-default\" data-id=\"a68f29d\" data-element_type=\"section\">\n\t\t\t\t\t\t<div class=\"elementor-container elementor-column-gap-default\">\n\t\t\t\t\t<div class=\"elementor-column elementor-col-100 elementor-top-column elementor-element elementor-element-fd10609\" data-id=\"fd10609\" data-element_type=\"column\">\n\t\t\t<div class=\"elementor-widget-wrap elementor-element-populated\">\n\t\t\t\t\t\t<div class=\"elementor-element elementor-element-d2d33d1 elementor-widget elementor-widget-text-editor\" data-id=\"d2d33d1\" data-element_type=\"widget\" data-widget_type=\"text-editor.default\">\n\t\t\t\t<div class=\"elementor-widget-container\">\n\t\t\t\t\t\t\t\t\t<p>Bienvenido a Terriza Distribuciones. Estos t\u00e9rminos y condiciones describen las reglas y regulaciones para el uso del sitio web <strong>www.terrizadistribuciones.com\/venta\/<\/strong><\/p><p><strong>Terriza Distribuciones se encuentra en C. Entre Arroyos, 38, 28030 Madrid.<\/strong><\/p><p>Al acceder a este sitio web, asumimos que aceptas estos t\u00e9rminos y condiciones en su totalidad. No contin\u00faes usando el sitio web <strong>www.terrizadistribuciones.com\/venta\/<\/strong>\u00a0si no aceptas todos los t\u00e9rminos y condiciones establecidos en esta p\u00e1gina.<\/p><p>La siguiente terminolog\u00eda se aplica a estos T\u00e9rminos y Condiciones, Declaraci\u00f3n de Privacidad y Aviso legal y cualquiera o todos los Acuerdos: el\u00a0<strong>Cliente<\/strong>,\u00a0<strong>Usted<\/strong>\u00a0y\u00a0<strong>Su<\/strong>\u00a0se refieren a usted, la persona que accede a este sitio web y acepta los t\u00e9rminos y condiciones de la Compa\u00f1\u00eda. La\u00a0<strong>Compa\u00f1\u00eda, Nosotros mismos, Nosotros y Nuestro<\/strong>, se refiere a nuestra Compa\u00f1\u00eda.\u00a0<strong>Parte, Partes o Nosotros<\/strong>, se refiere en conjunto al Cliente y a nosotros mismos, o al Cliente o a nosotros mismos.<\/p><p>Todos los t\u00e9rminos se refieren a la oferta, aceptaci\u00f3n y consideraci\u00f3n del pago necesario para efectuar el proceso de nuestra asistencia al Cliente de la manera m\u00e1s adecuada, ya sea mediante reuniones formales de una duraci\u00f3n fija, o por cualquier otro medio, con el prop\u00f3sito expreso de conocer las necesidades del Cliente con respecto a la provisi\u00f3n de los servicios\/productos declarados de la Compa\u00f1\u00eda, de acuerdo con y sujeto a la ley vigente.<\/p><p>Cualquier uso de la terminolog\u00eda anterior u otras palabras en singular, plural, may\u00fasculas y\/o, \u00e9l\/ella o ellos, se consideran intercambiables y, por lo tanto, se refieren a lo mismo.<\/p><h4><strong>Cookies<\/strong><\/h4><p>Empleamos el uso de cookies. Al utilizar el sitio web de <b>Terriza Distribuciones<\/b>, usted acepta el uso de cookies de acuerdo con la pol\u00edtica de privacidad de (Nombre de la tienda). La mayor\u00eda de los modernos sitios web interactivos de hoy en d\u00eda usan cookies para permitirnos recuperar los detalles del usuario para cada visita.<\/p><p>Las cookies se utilizan en algunas \u00e1reas de nuestro sitio para habilitar la funcionalidad de esta \u00e1rea y la facilidad de uso para las personas que lo visitan. Algunos de nuestros socios afiliados\/publicitarios tambi\u00e9n pueden usar cookies.<\/p><h4><strong>Licencia<\/strong><\/h4><p>A menos que se indique lo contrario, <strong>Terriza Distribuciones<\/strong> y\/o sus licenciatarios les pertenecen los derechos de propiedad intelectual de todo el material en\u00a0<strong>Terriza Distribuciones<\/strong>.<\/p><p>Todos los derechos de propiedad intelectual est\u00e1n reservados. Puedes ver y\/o imprimir p\u00e1ginas desde\u00a0<span style=\"font-weight: bolder;\">www.terrizadistribuciones.com\/venta\/<\/span>\u00a0para tu uso personal sujeto a las restricciones establecidas en estos t\u00e9rminos y condiciones.<\/p><p>No debes:<\/p><ul><li>Volver a publicar material desde\u00a0<span style=\"font-weight: bolder;\">www.terrizadistribuciones.com\/venta\/<\/span>.<\/li><li>Vender, alquilar u otorgar una sub-licencia de material desde\u00a0<span style=\"font-weight: bolder;\">www.terrizadistribuciones.com\/venta\/<\/span>.<\/li><li>Reproducir, duplicar o copiar material desde\u00a0<span style=\"font-weight: bolder;\">www.terrizadistribuciones.com\/venta\/<\/span>.<\/li><li>Redistribuir contenido de\u00a0<strong>Terriza Distribuciones<\/strong>, a menos de que el contenido se haga espec\u00edficamente para la redistribuci\u00f3n.<\/li><\/ul><h4><strong>Aviso legal<\/strong><\/h4><p>En la medida m\u00e1xima permitida por la ley aplicable, excluimos todas las representaciones, garant\u00edas y condiciones relacionadas con nuestro sitio web y el uso de este sitio web (incluyendo, sin limitaci\u00f3n, cualquier garant\u00eda impl\u00edcita por la ley con respecto a la calidad satisfactoria, idoneidad para el prop\u00f3sito y\/o el uso de cuidado y habilidad razonables).<\/p><p>Nada en este aviso legal:<\/p><ul><li>Limita o excluye nuestra o su responsabilidad por muerte o lesiones personales resultantes de negligencia.<\/li><li>Limita o excluye nuestra o su responsabilidad por fraude o tergiversaci\u00f3n fraudulenta.<\/li><li>Limita cualquiera de nuestras o sus responsabilidades de cualquier manera que no est\u00e9 permitida por la ley aplicable.<\/li><li>Excluye cualquiera de nuestras o sus responsabilidades que no pueden ser excluidas bajo la ley aplicable.<\/li><\/ul><p>Las limitaciones y exclusiones de responsabilidad establecidas en esta Secci\u00f3n y en otras partes de este aviso legal:<\/p><ol><li>est\u00e1n sujetas al p\u00e1rrafo anterior; y<\/li><li>rigen todas las responsabilidades que surjan bajo la exenci\u00f3n de responsabilidad o en relaci\u00f3n con el objeto de esta exenci\u00f3n de responsabilidad, incluidas las responsabilidades que surjan en contrato, agravio (incluyendo negligencia) y por incumplimiento del deber legal.<\/li><\/ol><p>En la medida en que el sitio web y la informaci\u00f3n y los servicios en el sitio web se proporcionen de forma gratuita, no seremos responsables de ninguna p\u00e9rdida o da\u00f1o de ning\u00fan tipo.<\/p>\t\t\t\t\t\t\t\t<\/div>\n\t\t\t\t<\/div>\n\t\t\t\t\t<\/div>\n\t\t<\/div>\n\t\t\t\t\t<\/div>\n\t\t<\/section>\n\t\t\t\t<\/div>\n\t\t","protected":false},"excerpt":{"rendered":"<p>T\u00e9rminos y condiciones de uso Bienvenido a Terriza Distribuciones. Estos t\u00e9rminos y condiciones describen las reglas y regulaciones para el uso del sitio web www.terrizadistribuciones.com\/venta\/ Terriza Distribuciones se encuentra en C. Entre Arroyos, 38, 28030 Madrid. Al acceder a este sitio web, asumimos que aceptas estos t\u00e9rminos y condiciones en su totalidad. No contin\u00faes usando [&hellip;]<\/p>\n","protected":false},"author":1,"featured_media":0,"parent":0,"menu_order":0,"comment_status":"closed","ping_status":"closed","template":"","meta":{"footnotes":""},"class_list":["post-3320","page","type-page","status-publish","hentry"],"yoast_head":"<!-- This site is optimized with the Yoast SEO plugin v26.0 - https:\/\/yoast.com\/wordpress\/plugins\/seo\/ -->\n<title>T\u00e9rminos y condiciones de uso - Terriza Distribuciones<\/title>\n<meta name=\"robots\" content=\"index, follow, max-snippet:-1, max-image-preview:large, max-video-preview:-1\" \/>\n<link rel=\"canonical\" href=\"https:\/\/terrizadistribuciones.com\/venta\/terminos-y-condiciones-de-uso\/\" \/>\n<meta property=\"og:locale\" content=\"es_ES\" \/>\n<meta property=\"og:type\" content=\"article\" \/>\n<meta property=\"og:title\" content=\"T\u00e9rminos y condiciones de uso - Terriza Distribuciones\" \/>\n<meta property=\"og:description\" content=\"T\u00e9rminos y condiciones de uso Bienvenido a Terriza Distribuciones. Estos t\u00e9rminos y condiciones describen las reglas y regulaciones para el uso del sitio web www.terrizadistribuciones.com\/venta\/ Terriza Distribuciones se encuentra en C. Entre Arroyos, 38, 28030 Madrid. Al acceder a este sitio web, asumimos que aceptas estos t\u00e9rminos y condiciones en su totalidad. No contin\u00faes usando [&hellip;]\" \/>\n<meta property=\"og:url\" content=\"https:\/\/terrizadistribuciones.com\/venta\/terminos-y-condiciones-de-uso\/\" \/>\n<meta property=\"og:site_name\" content=\"Terriza Distribuciones\" \/>\n<meta property=\"article:modified_time\" content=\"2023-03-28T19:03:25+00:00\" \/>\n<meta name=\"twitter:card\" content=\"summary_large_image\" \/>\n<meta name=\"twitter:label1\" content=\"Tiempo de lectura\" \/>\n\t<meta name=\"twitter:data1\" content=\"4 minutos\" \/>\n<script type=\"application\/ld+json\" class=\"yoast-schema-graph\">{\"@context\":\"https:\/\/schema.org\",\"@graph\":[{\"@type\":\"WebPage\",\"@id\":\"https:\/\/terrizadistribuciones.com\/venta\/terminos-y-condiciones-de-uso\/\",\"url\":\"https:\/\/terrizadistribuciones.com\/venta\/terminos-y-condiciones-de-uso\/\",\"name\":\"T\u00e9rminos y condiciones de uso - Terriza Distribuciones\",\"isPartOf\":{\"@id\":\"https:\/\/terrizadistribuciones.com\/venta\/#website\"},\"datePublished\":\"2023-03-28T18:03:26+00:00\",\"dateModified\":\"2023-03-28T19:03:25+00:00\",\"breadcrumb\":{\"@id\":\"https:\/\/terrizadistribuciones.com\/venta\/terminos-y-condiciones-de-uso\/#breadcrumb\"},\"inLanguage\":\"es\",\"potentialAction\":[{\"@type\":\"ReadAction\",\"target\":[\"https:\/\/terrizadistribuciones.com\/venta\/terminos-y-condiciones-de-uso\/\"]}]},{\"@type\":\"BreadcrumbList\",\"@id\":\"https:\/\/terrizadistribuciones.com\/venta\/terminos-y-condiciones-de-uso\/#breadcrumb\",\"itemListElement\":[{\"@type\":\"ListItem\",\"position\":1,\"name\":\"Portada\",\"item\":\"https:\/\/terrizadistribuciones.com\/venta\/\"},{\"@type\":\"ListItem\",\"position\":2,\"name\":\"T\u00e9rminos y condiciones de uso\"}]},{\"@type\":\"WebSite\",\"@id\":\"https:\/\/terrizadistribuciones.com\/venta\/#website\",\"url\":\"https:\/\/terrizadistribuciones.com\/venta\/\",\"name\":\"Terriza Distribuciones\",\"description\":\"Terriza Distribuciones - Productos de cosm\u00e9tica para profesionales en Madrid\",\"publisher\":{\"@id\":\"https:\/\/terrizadistribuciones.com\/venta\/#organization\"},\"potentialAction\":[{\"@type\":\"SearchAction\",\"target\":{\"@type\":\"EntryPoint\",\"urlTemplate\":\"https:\/\/terrizadistribuciones.com\/venta\/?s={search_term_string}\"},\"query-input\":{\"@type\":\"PropertyValueSpecification\",\"valueRequired\":true,\"valueName\":\"search_term_string\"}}],\"inLanguage\":\"es\"},{\"@type\":\"Organization\",\"@id\":\"https:\/\/terrizadistribuciones.com\/venta\/#organization\",\"name\":\"Terriza Distribuciones\",\"url\":\"https:\/\/terrizadistribuciones.com\/venta\/\",\"logo\":{\"@type\":\"ImageObject\",\"inLanguage\":\"es\",\"@id\":\"https:\/\/terrizadistribuciones.com\/venta\/#\/schema\/logo\/image\/\",\"url\":\"https:\/\/terrizadistribuciones.com\/venta\/wp-content\/uploads\/2022\/05\/cropped-Recurso-7Logo-Terriza-Distribuciones-oficial-2.0.png\",\"contentUrl\":\"https:\/\/terrizadistribuciones.com\/venta\/wp-content\/uploads\/2022\/05\/cropped-Recurso-7Logo-Terriza-Distribuciones-oficial-2.0.png\",\"width\":403,\"height\":294,\"caption\":\"Terriza Distribuciones\"},\"image\":{\"@id\":\"https:\/\/terrizadistribuciones.com\/venta\/#\/schema\/logo\/image\/\"}}]}<\/script>\n<!-- \/ Yoast SEO plugin. -->","yoast_head_json":{"title":"T\u00e9rminos y condiciones de uso - Terriza Distribuciones","robots":{"index":"index","follow":"follow","max-snippet":"max-snippet:-1","max-image-preview":"max-image-preview:large","max-video-preview":"max-video-preview:-1"},"canonical":"https:\/\/terrizadistribuciones.com\/venta\/terminos-y-condiciones-de-uso\/","og_locale":"es_ES","og_type":"article","og_title":"T\u00e9rminos y condiciones de uso - Terriza Distribuciones","og_description":"T\u00e9rminos y condiciones de uso Bienvenido a Terriza Distribuciones. Estos t\u00e9rminos y condiciones describen las reglas y regulaciones para el uso del sitio web www.terrizadistribuciones.com\/venta\/ Terriza Distribuciones se encuentra en C. Entre Arroyos, 38, 28030 Madrid. Al acceder a este sitio web, asumimos que aceptas estos t\u00e9rminos y condiciones en su totalidad. No contin\u00faes usando [&hellip;]","og_url":"https:\/\/terrizadistribuciones.com\/venta\/terminos-y-condiciones-de-uso\/","og_site_name":"Terriza Distribuciones","article_modified_time":"2023-03-28T19:03:25+00:00","twitter_card":"summary_large_image","twitter_misc":{"Tiempo de lectura":"4 minutos"},"schema":{"@context":"https:\/\/schema.org","@graph":[{"@type":"WebPage","@id":"https:\/\/terrizadistribuciones.com\/venta\/terminos-y-condiciones-de-uso\/","url":"https:\/\/terrizadistribuciones.com\/venta\/terminos-y-condiciones-de-uso\/","name":"T\u00e9rminos y condiciones de uso - Terriza Distribuciones","isPartOf":{"@id":"https:\/\/terrizadistribuciones.com\/venta\/#website"},"datePublished":"2023-03-28T18:03:26+00:00","dateModified":"2023-03-28T19:03:25+00:00","breadcrumb":{"@id":"https:\/\/terrizadistribuciones.com\/venta\/terminos-y-condiciones-de-uso\/#breadcrumb"},"inLanguage":"es","potentialAction":[{"@type":"ReadAction","target":["https:\/\/terrizadistribuciones.com\/venta\/terminos-y-condiciones-de-uso\/"]}]},{"@type":"BreadcrumbList","@id":"https:\/\/terrizadistribuciones.com\/venta\/terminos-y-condiciones-de-uso\/#breadcrumb","itemListElement":[{"@type":"ListItem","position":1,"name":"Portada","item":"https:\/\/terrizadistribuciones.com\/venta\/"},{"@type":"ListItem","position":2,"name":"T\u00e9rminos y condiciones de uso"}]},{"@type":"WebSite","@id":"https:\/\/terrizadistribuciones.com\/venta\/#website","url":"https:\/\/terrizadistribuciones.com\/venta\/","name":"Terriza Distribuciones","description":"Terriza Distribuciones - Productos de cosm\u00e9tica para profesionales en Madrid","publisher":{"@id":"https:\/\/terrizadistribuciones.com\/venta\/#organization"},"potentialAction":[{"@type":"SearchAction","target":{"@type":"EntryPoint","urlTemplate":"https:\/\/terrizadistribuciones.com\/venta\/?s={search_term_string}"},"query-input":{"@type":"PropertyValueSpecification","valueRequired":true,"valueName":"search_term_string"}}],"inLanguage":"es"},{"@type":"Organization","@id":"https:\/\/terrizadistribuciones.com\/venta\/#organization","name":"Terriza Distribuciones","url":"https:\/\/terrizadistribuciones.com\/venta\/","logo":{"@type":"ImageObject","inLanguage":"es","@id":"https:\/\/terrizadistribuciones.com\/venta\/#\/schema\/logo\/image\/","url":"https:\/\/terrizadistribuciones.com\/venta\/wp-content\/uploads\/2022\/05\/cropped-Recurso-7Logo-Terriza-Distribuciones-oficial-2.0.png","contentUrl":"https:\/\/terrizadistribuciones.com\/venta\/wp-content\/uploads\/2022\/05\/cropped-Recurso-7Logo-Terriza-Distribuciones-oficial-2.0.png","width":403,"height":294,"caption":"Terriza Distribuciones"},"image":{"@id":"https:\/\/terrizadistribuciones.com\/venta\/#\/schema\/logo\/image\/"}}]}},"_links":{"self":[{"href":"https:\/\/terrizadistribuciones.com\/venta\/wp-json\/wp\/v2\/pages\/3320","targetHints":{"allow":["GET"]}}],"collection":[{"href":"https:\/\/terrizadistribuciones.com\/venta\/wp-json\/wp\/v2\/pages"}],"about":[{"href":"https:\/\/terrizadistribuciones.com\/venta\/wp-json\/wp\/v2\/types\/page"}],"author":[{"embeddable":true,"href":"https:\/\/terrizadistribuciones.com\/venta\/wp-json\/wp\/v2\/users\/1"}],"replies":[{"embeddable":true,"href":"https:\/\/terrizadistribuciones.com\/venta\/wp-json\/wp\/v2\/comments?post=3320"}],"version-history":[{"count":14,"href":"https:\/\/terrizadistribuciones.com\/venta\/wp-json\/wp\/v2\/pages\/3320\/revisions"}],"predecessor-version":[{"id":3506,"href":"https:\/\/terrizadistribuciones.com\/venta\/wp-json\/wp\/v2\/pages\/3320\/revisions\/3506"}],"wp:attachment":[{"href":"https:\/\/terrizadistribuciones.com\/venta\/wp-json\/wp\/v2\/media?parent=3320"}],"curies":[{"name":"wp","href":"https:\/\/api.w.org\/{rel}","templated":true}]}}